 39041
What are the prime factors of 176301368?
2, 22037671
What are the prime factors of 1533833999?
1533833999
What are the prime factors of 3187258?
2, 41, 47, 827
What are the prime factors of 1438054800?
2, 3, 5, 7, 13, 1013
What are the prime factors of 157219663?
157219663
What are the prime factors of 1257547627?
7, 179649661
List the prime factors of 55793485.
5, 11, 223, 4549
List the prime factors of 24566642.
2, 1459, 8419
What are the prime factors of 117440094?
2, 3, 2803, 6983
What are the prime factors of 5663037653?
7, 13, 251, 35419
List the prime factors of 252454596.
2, 3, 19, 467, 2371
List the prime factors of 59573894.
2, 29786947
List the prime factors of 5400654248.
2, 11, 17, 79, 45697
List the prime factors of 57601663.
7, 179, 45971
List the prime factors of 94887308.
2, 103, 230309
List the prime factors of 45359836.
2, 11339959
What are the prime factors of 2429404467?
3, 7, 19, 869819
List the prime factors of 90681976.
2, 7, 11, 147211
What are the prime factors of 995958695?
5, 1409, 141371
List the prime factors of 4529049657.
3, 11, 353, 388793
List the prime factors of 4738917700.
2, 5, 11, 23, 79, 2371
What are the prime factors of 1338911655?
3, 5, 2531, 35267
What are the prime factors of 89858279?
7, 107, 119971
What are the prime factors of 10659734?
2, 5329867
What are the prime factors of 77636375?
5, 19, 97, 337
List the prime factors of 60839925.
3, 5, 811199
What are the prime factors of 105738835?
5, 21147767
What are the prime factors of 1142952295?
5, 228590459
What are the prime factors of 65135066?
2, 32567533
What are the prime factors of 398825895?
3, 5, 13, 1381, 1481
What are the prime factors of 2786380411?
103, 197, 137321
List the prime factors of 5810693269.
2141, 2714009
What are the prime factors of 44889511?
3019, 14869
List the prime factors of 274589647.
83, 3308309
What are the prime factors of 447265736?
2, 67, 331, 2521
List the prime factors of 8476273.
13, 157, 4153
What are the prime factors of 9235338?
2, 3, 7, 219889
What are the prime factors of 1036711754?
2, 13, 71, 561599
What are the prime factors of 65439938?
2, 4049, 8081
List the prime factors of 8221386.
2, 3, 31, 44201
What are the prime factors of 28221480?
2, 3, 5, 7, 3733
List the prime factors of 924161647.
29, 233, 587
What are the prime factors of 205912672?
2, 7, 919253
List the prime factors of 609957859.
7, 461, 189017
What are the prime factors of 35017222?
2, 43, 407177
List the prime factors of 408907201.
408907201
What are the prime factors of 62355449?
13, 4796573
List the prime factors of 62932723.
7, 151, 59539
What are the prime factors of 7207312263?
3, 461, 619, 8419
What are the prime factors of 51292987?
179, 286553
What are the prime factors of 137538021?
3, 53, 367, 2357
What are the prime factors of 945642403?
79, 11970157
What are the prime factors of 2156840472?
2, 3, 89868353
What are the prime factors of 23587686?
2, 3, 145603
What are the prime factors of 910161606?
2, 3, 17, 409, 21817
What are the prime factors of 2388932569?
61, 39162829
What are the prime factors of 386365275?
3, 5, 73, 7841
What are the prime factors of 156527732?
2, 29, 107, 12611
List the prime factors of 71945308.
2, 59, 5167
What are the prime factors of 149178696?
2, 3, 31, 43, 4663
List the prime factors of 160383547.
160383547
What are the prime factors of 104776641?
3, 137, 84977
List the prime factors of 835755366.
2, 3, 1447, 96263
List the prime factors of 216240831.
3, 173, 138883
List the prime factors of 46288310.
2, 5, 157, 29483
What are the prime factors of 1467549449?
41, 35793889
List the prime factors of 2057770283.
8681, 237043
List the prime factors of 12513589.
11, 1013, 1123
List the prime factors of 70809098.
2, 499, 70951
List the prime factors of 79859326.
2, 39929663
What are the prime factors of 74696899?
71, 89, 11821
List the prime factors of 1844241183.
3, 191, 357619
List the prime factors of 44025657.
3, 13, 23, 49081
List the prime factors of 6843045.
3, 5, 11, 67, 619
List the prime factors of 21124059.
3, 11, 58193
List the prime factors of 157200361.
587, 267803
List the prime factors of 392982619.
392982619
List the prime factors of 53376168.
2, 3, 19, 117053
What are the prime factors of 826386840?
2, 3, 5, 31, 24683
What are the prime factors of 773104981?
11, 79, 113, 7873
What are the prime factors of 181542?
2, 3, 79, 383
What are the prime factors of 1023947330?
2, 5, 7, 14627819
What are the prime factors of 339553648?
2, 7, 17, 139, 1283
What are the prime factors of 514728442?
2, 14797, 17393
What are the prime factors of 12118105?
5, 19, 199, 641
List the prime factors of 710126607.
3, 37, 109, 58693
List the prime factors of 2314793286.
2, 3, 13, 43, 379, 607
What are the prime factors of 1773755299?
17, 71, 1469557
What are the prime factors of 1704053801?
1704053801
What are the prime factors of 820542640?
2, 5, 10256783
List the prime factors of 79117734.
2, 3, 661, 19949
What are the prime factors of 55519138?
2, 27759569
What are the prime factors of 615941902?
2, 983, 313297
What are the prime factors of 142885814?
2, 19, 1693, 2221
List the prime factors of 646018593.
3, 11, 353, 55457
List the prime factors of 86026418.
2, 79, 544471
List the prime factors of 42937299.
3, 1483, 3217
List the prime factors of 103926047.
103926047
List the prime factors of 64046640.
2, 3, 5, 7, 67, 569
What are the prime factors of 550002593?
7, 103, 353, 2161
List the prime factors of 40458926.
2, 20229463
What are the prime factors of 45955730?
2, 5, 631, 7283
What are the prime factors of 89955763?
41, 97, 22619
List the prime factors of 1773608958.
2, 3, 11, 8957621
What are the prime factors of 863261633?
13, 5108057
List the prime factors of 977046444.
2, 3, 11, 224299
What are the prime factors of 1826948447?
1826948447
List the prime factors of 236742283.
29, 101, 131, 617
What are the prime factors of 493102462?
2, 491, 502141
List the prime factors of 2740950675.
3, 5, 12182003
List the prime factors of 55519520.
2, 5, 7, 19, 2609
What are the prime factors of 10061319?
3, 3353773
List the prime factors of 1062317859.
3, 23, 113, 136247
What are the prime factors of 181364166?
2, 3, 10075787
List the prime factors of 2589115228.
2, 7, 167, 553703
List the prime factors of 153869814.
2, 3, 7, 461, 883
What are the prime factors of 3287616210?
2, 3, 5, 5689, 6421
List the prime factors of 247389802.
2, 11, 2819, 3989
What are the prime factors of 1042785086?
2, 7, 23, 3238463
List the prime factors of 569984281.
569984281
List the prime factors of 3925941057.
3, 436215673
What are the prime factors of 1908876710?
2, 5, 13, 14683667
What are the prime factors of 817435622?
2, 101, 4046711
List the prime factors of 2503082137.
107, 953, 24547
What are the prime factors of 2266710623?
17, 133335919
What are the prime factors of 599340115?
5, 11, 10897093
What are the prime factors of 2136028229?
131, 3547, 4597
List the prime factors of 1883186773.
13, 241, 46237
List the prime factors of 5211067437.
3, 229, 631, 4007
What are the prime factors of 12883289?
23, 37, 15139
List the prime factors of 537451966.
2, 71, 3784873
What are the prime factors of 116753719?
31, 3766249
List the prime factors of 193434118.
2, 29, 3335071
List the prime factors of 477369087.
3, 13, 29, 422077
List the prime factors of 532392915.
3, 5, 31, 1144931
List the prime factors of 1477055027.
7, 883, 238967
List the prime factors of 70903679.
7, 11, 920827
List the prime factors of 109453238.
2, 54726619
List the prime factors of 48409843.
109, 444127
What are the prime factors of 24956017?
17, 86353
What are the prime factors of 223356111?
3, 11, 6768367
List the prime factors of 853557096.
2, 3, 7, 151, 33647
What are the prime factors of 255474318?
2, 3, 11, 293, 1201
What are the prime factors of 1588590143?
7, 17, 1907071
What are the prime factors of 79684138?
2, 19, 1049, 1999
What are the prime factors of 156372013?
7, 331, 67489
What are the prime factors of 105934758?
2, 3, 17655793
List the prime factors of 568300875.
3, 5, 1515469
What are the prime factors of 2936011059?
3, 16033, 20347
What are the prime factors of 48150001?
17, 166609
List the prime factors of 32970120.
2,